ue of (36 - 57 - -41) + -13?
7
10 + 16 + -42 + 16 + -15
-15
Evaluate -17 + (-291 - -302) + (-93 - -1) + 4.
-94
Evaluate 19 - ((4 - 1) + -31 - (-51 + 35)).
31
Calculate -1 - -11 - (99 + -79) - 5.
-15
Evaluate (-11 - -16) + (-10 - -33).
28
What is 45 + 33 + 9 - (2 - -23)?
62
(7 - (-12 + 15)) + (3 - 10) + 17 + -11
3
Calculate (1 - (21 + -13)) + 21 + -1 + (0 - -36).
49
What is 9 - (4 + (22 - 44) - -7)?
20
Evaluate (-1 - (10 + -5)) + 70 + -55 + 28.
37
Evaluate 75 + 2 - (-13393 + 13508).
-38
What is the value of 54 - 54 - (-14 + 1) - (-134 + 160)?
-13
Calculate (2 + -8 + -1 + (-5 - -15) - 7) + -39.
-43
What is the value of -56 + 45 - (10 - (-10 + -2 + -6))?
-39
Calculate 97 - (20 + 62) - (-28 + 0 + 1).
42
What is 2213 + -2205 + (5 + (0 - 2) - (0 - -8))?
3
Calculate 6 + 3 + (-100 - -105) + (-46 - -1).
-31
Calculate -11 + 80 - (-2 + -1 - (34 + -36) - -1).
69
What is the value of -48 + -2 - (-4398 - -4415)?
-67
Evaluate -543 + 546 + -32 + 2 - -20.
-7
What is -62 - (-4 + 4) - (5 - (21 - 5))?
-51
60 - 8 - (4 + -2 + 7 + 70 + -77)
50
Evaluate 1 + 108 + -1 - (-2246 - -2270).
84
-74 - (-35 + -6 - 13)
-20
What is the value of 22 + -47 + 24 + 3 + (-14 - 2) + -4?
-18
What is 11 + (-1 - 40) + -217 + 224?
-23
Calculate (-4 - (-4 - (5 - 15) - 25)) + (53 - -30).
98
-4 + (0 - (3 - 15)) + 11 + (-6 - 7)
6
Evaluate (-4 - 12) + (7 - (-27 - -29)) - 70.
-81
What is (-12 + 6 - 9) + 12 + 29 + 8?
34
What is 25 - ((-40 - -14) + 54 - -2)?
-5
(16 - -141) + -56 + -7
94
-54 - (19 + -9 + 2) - 9 - -11
-64
What is (35 - (-12 + 12 - -15)) + -4 - 10?
6
Evaluate (48 - 42) + -15 + 2 - (0 + -7 - 78).
78
What is the value of 504 + -458 + (-69 - 7)?
-30
What is the value of (41 - -2) + -20 - (-46 + -2)?
71
Evaluate (-1 + -7 - (203 - 163)) + (3 - -3).
-42
14 + (-23 - 5) + 5
-9
59 + 0 - (-3757 - -3805)
11
What is -17 - 1 - (107 - 128) - 28?
-25
Calculate -41 + -1 + -9 + 16 + -9 + (0 - -4).
-40
Calculate 2 + 3 + (60 - 72 - -43).
36
What is the value of -92 - ((30 - 61) + (-9 - -5) + 23)?
-80
-17 + -53 - -100 - -72
102
(146 - 87 - 91) + 73
41
Evaluate 64 - ((-51 - -46) + 18).
51
Evaluate -89 + 82 + (35 + -9 - 3).
16
(4 - (-5 - -13)) + 2 + (-21 + 22 - 35)
-36
What is the value of -6 - (42 + -38) - (46 + 0)?
-56
What is the value of -1 - (43 + -42 - 41 - (-1 - -4))?
42
Evaluate -9 + -8 + (29 - 21 - -12).
3
What is -25 - (-17 - -3) - (13 - 25 - (-1 - -57))?
57
2 + (22 - 14) + -10 + -14 + -103
-117
(39 - 7 - 11) + -4 + 5 + -10
12
What is the value of 8 - (-11 - 27) - (71 - 49)?
24
What is (2 - 129) + (-280 - -256) + 38 + 1?
-112
Calculate 23 - 55 - -33 - 36.
-35
What is the value of -20 + (25 - 49 - -35)?
-9
What is 60 - -40 - (206 - 65)?
-41
What is -36 + 44 - (-22 - -23)?
7
Evaluate 0 + -175 + -360 + 40 + 360.
-135
What is the value of (0 - -2 - 15) + 166 + -251 + 73?
-25
Evaluate -16 + (10 - 5) + (-23 - -14 - 26).
-46
Calculate (57 - (-71 - -32)) + -102.
-6
Calculate (-41 - 1) + 64 - (0 - 0).
22
What is 16 + (-3 - 92 - -4 - (-41 + 49))?
-83
Evaluate (-1 + -2 - -15) + (709 - 681 - (-1 - -36)).
5
Calculate -136 - -145 - (29 + -2).
-18
55 + (33 - 35) + 0 + 13
66
Calculate (-132 - -199) + (22 - 7) + -6 - (-1 - -15).
62
What is the value of 38 + 16 + -27 + 28 + -14?
41
What is the value of 16 + -19 + 5 + 0 - 11?
-9
What is the value of (9 - 18 - 1) + (-16 - -80)?
54
What is the value of (-25 - -40) + 1 + -3 + -5 + 34?
42
Calculate 147 - (19 - (6 - 65)).
69
-5 + 0 + -10 + 0 + 15 - (-41 - -3)
38
Calculate -69 - -143 - (308 - 163).
-71
(-3 - (18 + -88 - -19)) + -9
39
What is the value of -17 + -2 - (0 + 18 + (101 - 112))?
-26
Evaluate 241 + -124 + -13 + 4.
108
Evaluate 0 + -90 - (-21 - -1 - -2).
-72
Evaluate 27 + 0 - (224 + -208) - -12.
23
What is the value of -26 + (16 - 5) + (-11 - -22) + 12?
8
What is -1 + 21 + 0 + (-20 - -13) - (-30 - -43)?
0
What is the value of (5 - -14) + (15 - 19) - -34?
49
What is the value of -5 + (23 - (7 + -3) - 3) + 25 + -21?
15
What is the value of (-1 - -4) + (6 - 46 - -24)?
-13
Evaluate -137 - (-48 + (-6 - 33)).
-50
What is 3 + 5 - 27 - (30 + -69 + 42)?
-22
Calculate 4 + 28 + (10 - (0 - 13 - -33)).
22
-2 + 35 + -28 + -38
-33
Calculate -59 + (-40 - -65) - (8 - 2).
-40
Evaluate (-10 + 1 - -25) + 12 + -13 + 3 + 4.
22
What is the value of (-2 - -6) + -34 + -2 + 1 + -4 + 4?
-31
41 + -112 - (-21 + 0 - -9)
-59
12 + (-12 - -6) + -5 + -5 - -35
31
Evaluate -31 - 16 - -14 - -6 - -5.
-22
(4 - -18) + 3 - (11 + -8)
22
What is the value of 8 - 4 - -5 - (131 - (49 - (21 + 8)))?
-102
What is the value of (-8 - 3) + 7 + 7 + -1 + 56?
58
What is the value of 1 + -50 - -21 - -40?
12
Evaluate (0 - -1) + -1 + 2 - -1 - (5065 + -5084).
22
Evaluate 26 + (-4 - (2 + 8)) - (12 - 28).
28
What is 7 + (-25 - (0 + (47 - 30)))?
-35
-24 - -2 - ((-2 - (8 - -1)) + 203 + -200)
-14
What is 144 - 155 - (21 - -19)?
-51
Calculate 196 + -108 - (9 - -30).
49
What is 65 - ((-15 - -23) + (-1 - 3))?
61
Evaluate -29 + 48 + 33 - 21.
31
89 + 6 + -202 + 101
-6
Calculate -59 + -4 + -30 + 25 - -18.
-50
What is the value of -2 + 29 - (140 + -75) - -11?
-27
(53 - (61 + -28)) + -38
-18
Evaluate (1 - ((-10 - (-7 + -12)) + -8)) + -83.
-83
Evaluate (-23 - -246 - 111) + 8.
120
What is the value of -2 - 11 - (-10 + 16)?
-19
Calculate -82 - (-23 + (65 - (17 - -2))).
-105
(5 - (4 + 1) - (42 + -36)) + 7 - 31
-30
Calculate -109 + 13 + 109 + (2 - (2 - -37)).
-24
Evaluate -13 - ((35 - 71) + -15).
38
Calculate 39 + -193 + (176 - 73).
-51
What is the value of (-5 - -66) + (17 - 28) + (10 - -2) + 11?
73
Evaluate (-6 - 0) + 29 - (260 + -229).
-8
Calculate 14 + (24 - (-6 + 23)) + -27.
-6
Calculate -33 + (56 - -25) - 53.
-5
Evaluate (-26 - (54 + -24) - -52) + (12 - -2).
10
-1 + 3 - (-4 + -19 - (-21 - 9))
-5
What is (-114 - (-405 - -115)) + -97?
79
Calculate -72 + 1 + -1 - (234 - 288 - (-15 + -43)).
-76
Evaluate 11 + -1 - (6 - ((-5 - -14) + -41)).
-28
Calculate 2 + (-8 - 4 - (14 - 14)).
-10
Evaluate (29 - -2) + 8 + -9 + -4 + (27 - 18).
35
Evaluate 47 + -42 + -21 - (-3 - -1).
-14
What is -11 - -23 - (-3 + 7 - -3) - 58?
-53
What is 47 + -52 - (-17 + 3) - 103?
-94
What is -4 + 7 + (3 + 1 - -4) - 24?
-13
Evaluate 144 + -130 - (49 + -3 + 10).
-42
Calculate (-4 - 9) + 14 + -11 + 11.
1
Evaluate (7 - (-11 - -6)) + (21 - 5 - 29) + 125.
124
31 + -6 + -4 - (-24 - -7)
38
What is 50 + (-24 + -54 - -63)?
35
What is the value of 37 + (-76 - (73 - 37)) - -28?
-47
Evaluate (3 - 67) + 183 + -121.
-2
Calculate 27 - 2 - (-40 + 34 + -11 - 52).
94
What is 9 + (7 - -2 - 16) + 2 + 5 + -65?
-56
12 - (10 + -9) - (397 - 404)
18
What is the value of -23 - (21 - -6) - -21?
-29
Calculate (11 + 0 - 9) + (-20 - (-5 + 1)).
-14
(-12 + 15 + (-14 - -11) - 9) + -6
-15
-12 + (-8 - (-7 + -1 + 13)) + 17
-8
Calculate 4 - 70 - (-37 + 43 - (4 - 4)).
-72
Evaluate (30 + -21 - 24) + -50 - (-5 + 1).
-61
What is the value of 125 + (80 - 230) + (0 - -62)?
37
What is the value of -9 + (41 - (2 - 26 - -13))?
43
What is 21 + 17 + -27 - (1 - -18)?
-8
Evaluate (15 + 0 - (621 - 608)) + -1 + -33 + 0.
-32
Calculate 7 - (-16 - ((20 - -15) + -27)).
31
-11 + -26 + -91 + 86
-42
-10 + (7 - (-15 + 29) - ((3 - 0) + 7))
-27
9 + (-27 - 27 - -45)
0
Evaluate (-3 - -68) + (-24 - (11 + -12)) + 27.
69
Evaluate 2 - -26 - (-3161 - -3196).
-7
1 - 3 - (15 - (-33 - -38 - -22))
10
Evaluate (21 - 20) + (-113 - -9) + (7 - (1 - 0)).
-97
2717 - 2831 - (-162 + -1)
49
95 + 0 - (2605 - 2549)
39
What is -3 + (-48 - (-58 - 10))?
17
What is the value of 39 + (65 - 25 - 20) + 75?
134
What is the value of -129 + (-140 + 118 - -74)?
-77
What is the value of -60 + (-47 - -52) + -5?
-60
-6 + -12 - ((-23 - -20) + 3)
-18
8 + (-4 + -7 - -7) + (-67 - (-19 + 15))
-59
What is the value of 92 - 344 - -189 - (-1 - -24)?
-86
Evaluate -231 - -5 - (-1103 + 1001).
-124
What is the value of (-15 - -1 - ((4 - -29) + -39)) + 0 + 126?
118
What is the value of (0 - -5 - ((17 - 19) + 7)) + -10 + 2?
-8
What is -10 - -12 - 23 - (-19 + -9)?
7
Evaluate -84 + -1 + 310 + -129.
96
-19 + 8 - -9 - (20 - 30) - (-46 + 3)
51
What is the value of (-55 + 8 - 11) + (75 + -84 - (1 + -14))?
-54
Evaluate 10 + (-16 - ((-17 - (5 - 8)) + 71 + -57)).
-6
Evaluate 2 - -16 - (1245 + -1267).
40
Evaluate 93 - (59 + 11) - 41.
-18
Evaluate -9 + 31 + -38 + -1 + 20.
3
Calculate 2157 + -2157 + (-1 - 62 - 0) + -15.
-78
What is the value of -12 + (19 - -2 - 21 - 5)?
-17
Calculat